{"id":6050,"date":"2025-09-26T15:59:12","date_gmt":"2025-09-26T18:59:12","guid":{"rendered":"https:\/\/xn--ensearlapatagonia-ixb.com.ar\/sitio\/?post_type=product&#038;p=6050"},"modified":"2026-02-04T14:42:29","modified_gmt":"2026-02-04T17:42:29","slug":"neuquen-preguntas-para-entender-la-ciudad","status":"publish","type":"product","link":"https:\/\/xn--ensearlapatagonia-ixb.com.ar\/sitio\/producto\/neuquen-preguntas-para-entender-la-ciudad\/","title":{"rendered":"Neuquen &#8211; Preguntas para entender la Ciudad"},"content":{"rendered":"<p>\u00bfSe puede comprender la ciudad de Neuqu\u00e9n s\u00f3lo desde una perspectiva local? Para el autor de este libro, de ning\u00fan modo: desde su capitalizaci\u00f3n hasta hoy intervinieron en su desarrollo situaciones que nos remiten a escalas mayores. Se trata de intentar trascender los tradicionales enfoques de \u00abel barrio\u00bb y \u00ablos servidores p\u00fablicos\u00bb, que nos presentan como naturales situaciones que son el resultado de una compleja trama de intereses y necesidades. Pensar el espacio urbano requiere el aprendizaje de una serie de nociones y conceptos que nos ofrezcan explicaciones sobre lo que all\u00ed ocurre. Ayudar a este proceso es la intenci\u00f3n de este texto, pensado como un primer acercamiento a la historia y a la actualidad de nuestra ciudad.<\/p>\n","protected":false},"excerpt":{"rendered":"<p>La ciudad de Neuqu\u00e9n, su historia, su presente, sus problemas.\u00a0 \u00bfHubo un tiempo sin ciudades? De las primeras aldeas\u2026 a las primeras ciudades. \u00bfPor qu\u00e9 se construyen barrios donde hab\u00eda chacras? \u00bfC\u00f3mo se gobierna la ciudad? \u00bfCu\u00e1ntas ciudades hay en la ciudad de Neuqu\u00e9n?<\/p>\n<p>&nbsp;<\/p>\n","protected":false},"featured_media":6067,"template":"","meta":{"_acf_changed":false},"product_brand":[],"product_cat":[182],"product_tag":[17,18,19,20],"class_list":{"0":"post-6050","1":"product","2":"type-product","3":"status-publish","4":"has-post-thumbnail","6":"product_cat-textos-escolares","7":"product_tag-educacion","8":"product_tag-libro","9":"product_tag-neuquen","10":"product_tag-patagonia","12":"first","13":"instock","14":"purchasable","15":"product-type-simple"},"acf":[],"_links":{"self":[{"href":"https:\/\/xn--ensearlapatagonia-ixb.com.ar\/sitio\/wp-json\/wp\/v2\/product\/6050","targetHints":{"allow":["GET"]}}],"collection":[{"href":"https:\/\/xn--ensearlapatagonia-ixb.com.ar\/sitio\/wp-json\/wp\/v2\/product"}],"about":[{"href":"https:\/\/xn--ensearlapatagonia-ixb.com.ar\/sitio\/wp-json\/wp\/v2\/types\/product"}],"version-history":[{"count":4,"href":"https:\/\/xn--ensearlapatagonia-ixb.com.ar\/sitio\/wp-json\/wp\/v2\/product\/6050\/revisions"}],"predecessor-version":[{"id":6986,"href":"https:\/\/xn--ensearlapatagonia-ixb.com.ar\/sitio\/wp-json\/wp\/v2\/product\/6050\/revisions\/6986"}],"wp:featuredmedia":[{"embeddable":true,"href":"https:\/\/xn--ensearlapatagonia-ixb.com.ar\/sitio\/wp-json\/wp\/v2\/media\/6067"}],"wp:attachment":[{"href":"https:\/\/xn--ensearlapatagonia-ixb.com.ar\/sitio\/wp-json\/wp\/v2\/media?parent=6050"}],"wp:term":[{"taxonomy":"product_brand","embeddable":true,"href":"https:\/\/xn--ensearlapatagonia-ixb.com.ar\/sitio\/wp-json\/wp\/v2\/product_brand?post=6050"},{"taxonomy":"product_cat","embeddable":true,"href":"https:\/\/xn--ensearlapatagonia-ixb.com.ar\/sitio\/wp-json\/wp\/v2\/product_cat?post=6050"},{"taxonomy":"product_tag","embeddable":true,"href":"https:\/\/xn--ensearlapatagonia-ixb.com.ar\/sitio\/wp-json\/wp\/v2\/product_tag?post=6050"}],"curies":[{"name":"wp","href":"https:\/\/api.w.org\/{rel}","templated":true}]}}