{"id":6330,"date":"2025-09-28T19:00:01","date_gmt":"2025-09-28T22:00:01","guid":{"rendered":"https:\/\/xn--ensearlapatagonia-ixb.com.ar\/sitio\/?page_id=6330"},"modified":"2025-12-04T14:31:40","modified_gmt":"2025-12-04T17:31:40","slug":"cart","status":"publish","type":"page","link":"https:\/\/xn--ensearlapatagonia-ixb.com.ar\/sitio\/cart\/","title":{"rendered":"Carrito"},"content":{"rendered":"\t\t<div data-elementor-type=\"wp-page\" data-elementor-id=\"6330\" class=\"elementor elementor-6330\" data-elementor-post-type=\"page\">\n\t\t\t\t<div class=\"elementor-element elementor-element-908014a e-con-full e-flex e-con e-parent\" data-id=\"908014a\" data-element_type=\"container\">\n\t\t<div class=\"elementor-element elementor-element-96d36bd e-con-full e-flex e-con e-child\" data-id=\"96d36bd\" data-element_type=\"container\" data-settings=\"{&quot;background_background&quot;:&quot;classic&quot;}\">\n\t\t\t\t<div class=\"elementor-element elementor-element-17e99de elementor-widget elementor-widget-heading\" data-id=\"17e99de\" data-element_type=\"widget\" data-widget_type=\"heading.default\">\n\t\t\t\t\t<h2 class=\"elementor-heading-title elementor-size-default\">Carrito<\/h2>\t\t\t\t<\/div>\n\t\t\t\t<\/div>\n\t\t\t\t<\/div>\n\t\t<div class=\"elementor-element elementor-element-f490ddb e-con-full e-flex e-con e-parent\" data-id=\"f490ddb\" data-element_type=\"container\" data-settings=\"{&quot;background_background&quot;:&quot;classic&quot;}\">\n\t\t<div class=\"elementor-element elementor-element-295be27 e-con-full e-flex e-con e-child\" data-id=\"295be27\" data-element_type=\"container\" data-settings=\"{&quot;background_background&quot;:&quot;classic&quot;}\">\n\t\t\t\t<div class=\"elementor-element elementor-element-8060a5d elementor-widget__width-initial elementor-icon-list--layout-traditional elementor-list-item-link-full_width elementor-widget elementor-widget-icon-list\" data-id=\"8060a5d\" data-element_type=\"widget\" data-widget_type=\"icon-list.default\">\n\t\t\t\t\t\t\t<ul class=\"elementor-icon-list-items\">\n\t\t\t\t\t\t\t<li class=\"elementor-icon-list-item\">\n\t\t\t\t\t\t\t\t\t\t\t<span class=\"elementor-icon-list-icon\">\n\t\t\t\t\t\t\t<i aria-hidden=\"true\" class=\" ti-package\"><\/i>\t\t\t\t\t\t<\/span>\n\t\t\t\t\t\t\t\t\t\t<span class=\"elementor-icon-list-text\">El costo de env\u00edo ser\u00e1 autom\u00e1ticamente calculado luego de introducir el c\u00f3digo postal, en el siguiente paso, cuando finalice su compra.<\/span>\n\t\t\t\t\t\t\t\t\t<\/li>\n\t\t\t\t\t\t\t\t<li class=\"elementor-icon-list-item\">\n\t\t\t\t\t\t\t\t\t\t\t<span class=\"elementor-icon-list-icon\">\n\t\t\t\t\t\t\t<i aria-hidden=\"true\" class=\"fas fa-dolly\"><\/i>\t\t\t\t\t\t<\/span>\n\t\t\t\t\t\t\t\t\t\t<span class=\"elementor-icon-list-text\">Env\u00edos a todo el pais v\u00eda Correo Argentino<\/span>\n\t\t\t\t\t\t\t\t\t<\/li>\n\t\t\t\t\t\t<\/ul>\n\t\t\t\t\t\t<\/div>\n\t\t\t\t<\/div>\n\t\t\t\t<\/div>\n\t\t<div class=\"elementor-element elementor-element-c9aed5f e-flex e-con-boxed e-con e-parent\" data-id=\"c9aed5f\" data-element_type=\"container\">\n\t\t\t\t\t<div class=\"e-con-inner\">\n\t\t<div class=\"elementor-element elementor-element-18ae135 e-con-full e-flex e-con e-child\" data-id=\"18ae135\" data-element_type=\"container\" data-settings=\"{&quot;background_background&quot;:&quot;classic&quot;}\">\n\t\t<div class=\"elementor-element elementor-element-b55757a e-con-full e-flex e-con e-child\" data-id=\"b55757a\" data-element_type=\"container\" data-settings=\"{&quot;background_background&quot;:&quot;classic&quot;}\">\n\t\t\t\t<div class=\"elementor-element elementor-element-05e58cd elementor-widget elementor-widget-heading\" data-id=\"05e58cd\" data-element_type=\"widget\" data-widget_type=\"heading.default\">\n\t\t\t\t\t<h2 class=\"elementor-heading-title elementor-size-default\">\u00bfQuer\u00e9s agregar al m\u00e1s?<\/h2>\t\t\t\t<\/div>\n\t\t\t\t<div class=\"elementor-element elementor-element-239b446 elementor-widget__width-initial elementor-widget elementor-widget-text-editor\" data-id=\"239b446\" data-element_type=\"widget\" data-widget_type=\"text-editor.default\">\n\t\t\t\t\t\t\t\t\t<p>Te recomendamos los siguientes libros para que a\u00f1adas a tu carrito.<\/p>\t\t\t\t\t\t\t\t<\/div>\n\t\t\t\t<\/div>\n\t\t\t\t<div class=\"elementor-element elementor-element-a16f564 elementor-grid-tablet-3 elementor-product-loop-item--align-center elementor-grid-6 elementor-product-loop-item--align-center elementor-grid-mobile-2 elementor-products-grid elementor-wc-products elementor-widget elementor-widget-woocommerce-products\" data-id=\"a16f564\" data-element_type=\"widget\" data-widget_type=\"woocommerce-products.default\">\n\t\t\t\t<div class=\"elementor-widget-container\">\n\t\t\t\t\t<div class=\"woocommerce columns-6 \"><ul class=\"products elementor-grid columns-6\">\n<li class=\"product type-product post-6053 status-publish first instock product_cat-textos-escolares product_tag-educacion product_tag-historia product_tag-libros product_tag-patagonia product_tag-relatos-patagonicos has-post-thumbnail shipping-taxable purchasable product-type-simple\">\n\t<a href=\"https:\/\/xn--ensearlapatagonia-ixb.com.ar\/sitio\/producto\/clarita-del-sur-en-busca-de-la-machi-dorada\/\" class=\"woocommerce-LoopProduct-link woocommerce-loop-product__link\"><img fetchpriority=\"high\" decoding=\"async\" width=\"300\" height=\"300\" src=\"https:\/\/xn--ensearlapatagonia-ixb.com.ar\/sitio\/wp-content\/uploads\/2025\/09\/libro6-300x300.jpg\" class=\"attachment-woocommerce_thumbnail size-woocommerce_thumbnail\" alt=\"Clarita del Sur en busca de la Machi Dorada\" srcset=\"https:\/\/xn--ensearlapatagonia-ixb.com.ar\/sitio\/wp-content\/uploads\/2025\/09\/libro6-300x300.jpg 300w, https:\/\/xn--ensearlapatagonia-ixb.com.ar\/sitio\/wp-content\/uploads\/2025\/09\/libro6-150x150.jpg 150w, https:\/\/xn--ensearlapatagonia-ixb.com.ar\/sitio\/wp-content\/uploads\/2025\/09\/libro6-768x768.jpg 768w, https:\/\/xn--ensearlapatagonia-ixb.com.ar\/sitio\/wp-content\/uploads\/2025\/09\/libro6-600x600.jpg 600w, https:\/\/xn--ensearlapatagonia-ixb.com.ar\/sitio\/wp-content\/uploads\/2025\/09\/libro6-100x100.jpg 100w, https:\/\/xn--ensearlapatagonia-ixb.com.ar\/sitio\/wp-content\/uploads\/2025\/09\/libro6.jpg 790w\" sizes=\"(max-width: 300px) 100vw, 300px\" \/><h2 class=\"woocommerce-loop-product__title\">Clarita del Sur en busca de la Machi Dorada<\/h2>\n\t<span class=\"price\"><span class=\"woocommerce-Price-amount amount\"><bdi><span class=\"woocommerce-Price-currencySymbol\">&#36;<\/span>&nbsp;30.000,00<\/bdi><\/span><\/span>\n<\/a><div class=\"woocommerce-loop-product__buttons\"><a href=\"\/sitio\/wp-json\/wp\/v2\/pages\/6330?add-to-cart=6053\" aria-describedby=\"woocommerce_loop_add_to_cart_link_describedby_6053\" data-quantity=\"1\" class=\"button product_type_simple add_to_cart_button ajax_add_to_cart\" data-product_id=\"6053\" data-product_sku=\"\" aria-label=\"A\u00f1adir al carrito: &ldquo;Clarita del Sur en busca de la Machi Dorada&rdquo;\" rel=\"nofollow\" data-success_message=\"\u00abClarita del Sur en busca de la Machi Dorada\u00bb se ha a\u00f1adido a tu carrito\" role=\"button\">A\u00f1adir al carrito<\/a><\/div>\t<span id=\"woocommerce_loop_add_to_cart_link_describedby_6053\" class=\"screen-reader-text\">\n\t\t\t<\/span>\n<\/li>\n<li class=\"product type-product post-6064 status-publish instock product_cat-de-interes-general product_cat-educacion product_cat-geografia product_cat-historia product_tag-chubut product_tag-geografia product_tag-historia product_tag-neuquen product_tag-patagonia product_tag-rio-negro product_tag-rutas product_tag-santa-cruz product_tag-tierra-del-fuego has-post-thumbnail shipping-taxable purchasable product-type-simple\">\n\t<a href=\"https:\/\/xn--ensearlapatagonia-ixb.com.ar\/sitio\/producto\/patagonia\/\" class=\"woocommerce-LoopProduct-link woocommerce-loop-product__link\"><img decoding=\"async\" width=\"300\" height=\"300\" src=\"https:\/\/xn--ensearlapatagonia-ixb.com.ar\/sitio\/wp-content\/uploads\/2025\/09\/libro-patagonia-300x300.webp\" class=\"attachment-woocommerce_thumbnail size-woocommerce_thumbnail\" alt=\"Patagonia\" srcset=\"https:\/\/xn--ensearlapatagonia-ixb.com.ar\/sitio\/wp-content\/uploads\/2025\/09\/libro-patagonia-300x300.webp 300w, https:\/\/xn--ensearlapatagonia-ixb.com.ar\/sitio\/wp-content\/uploads\/2025\/09\/libro-patagonia-150x150.webp 150w, https:\/\/xn--ensearlapatagonia-ixb.com.ar\/sitio\/wp-content\/uploads\/2025\/09\/libro-patagonia-768x768.webp 768w, https:\/\/xn--ensearlapatagonia-ixb.com.ar\/sitio\/wp-content\/uploads\/2025\/09\/libro-patagonia-600x600.webp 600w, https:\/\/xn--ensearlapatagonia-ixb.com.ar\/sitio\/wp-content\/uploads\/2025\/09\/libro-patagonia-100x100.webp 100w, https:\/\/xn--ensearlapatagonia-ixb.com.ar\/sitio\/wp-content\/uploads\/2025\/09\/libro-patagonia.webp 790w\" sizes=\"(max-width: 300px) 100vw, 300px\" \/><h2 class=\"woocommerce-loop-product__title\">Patagonia<\/h2>\n\t<span class=\"price\"><span class=\"woocommerce-Price-amount amount\"><bdi><span class=\"woocommerce-Price-currencySymbol\">&#36;<\/span>&nbsp;80.000,00<\/bdi><\/span><\/span>\n<\/a><div class=\"woocommerce-loop-product__buttons\"><a href=\"\/sitio\/wp-json\/wp\/v2\/pages\/6330?add-to-cart=6064\" aria-describedby=\"woocommerce_loop_add_to_cart_link_describedby_6064\" data-quantity=\"1\" class=\"button product_type_simple add_to_cart_button ajax_add_to_cart\" data-product_id=\"6064\" data-product_sku=\"\" aria-label=\"A\u00f1adir al carrito: &ldquo;Patagonia&rdquo;\" rel=\"nofollow\" data-success_message=\"\u00abPatagonia\u00bb se ha a\u00f1adido a tu carrito\" role=\"button\">A\u00f1adir al carrito<\/a><\/div>\t<span id=\"woocommerce_loop_add_to_cart_link_describedby_6064\" class=\"screen-reader-text\">\n\t\t\t<\/span>\n<\/li>\n<li class=\"product type-product post-6051 status-publish instock product_cat-textos-escolares product_tag-ciencias-sociales product_tag-educacion product_tag-libro product_tag-neuquen product_tag-patagonia has-post-thumbnail shipping-taxable purchasable product-type-simple\">\n\t<a href=\"https:\/\/xn--ensearlapatagonia-ixb.com.ar\/sitio\/producto\/neuquen-temas-y-problemas\/\" class=\"woocommerce-LoopProduct-link woocommerce-loop-product__link\"><img decoding=\"async\" width=\"300\" height=\"300\" src=\"https:\/\/xn--ensearlapatagonia-ixb.com.ar\/sitio\/wp-content\/uploads\/2025\/09\/libro1-300x300.jpg\" class=\"attachment-woocommerce_thumbnail size-woocommerce_thumbnail\" alt=\"Neuqu\u00e9n - Temas y Problemas\" srcset=\"https:\/\/xn--ensearlapatagonia-ixb.com.ar\/sitio\/wp-content\/uploads\/2025\/09\/libro1-300x300.jpg 300w, https:\/\/xn--ensearlapatagonia-ixb.com.ar\/sitio\/wp-content\/uploads\/2025\/09\/libro1-150x150.jpg 150w, https:\/\/xn--ensearlapatagonia-ixb.com.ar\/sitio\/wp-content\/uploads\/2025\/09\/libro1-768x768.jpg 768w, https:\/\/xn--ensearlapatagonia-ixb.com.ar\/sitio\/wp-content\/uploads\/2025\/09\/libro1-600x600.jpg 600w, https:\/\/xn--ensearlapatagonia-ixb.com.ar\/sitio\/wp-content\/uploads\/2025\/09\/libro1-100x100.jpg 100w, https:\/\/xn--ensearlapatagonia-ixb.com.ar\/sitio\/wp-content\/uploads\/2025\/09\/libro1.jpg 790w\" sizes=\"(max-width: 300px) 100vw, 300px\" \/><h2 class=\"woocommerce-loop-product__title\">Neuqu\u00e9n &#8211; Temas y Problemas<\/h2>\n\t<span class=\"price\"><span class=\"woocommerce-Price-amount amount\"><bdi><span class=\"woocommerce-Price-currencySymbol\">&#36;<\/span>&nbsp;35.000,00<\/bdi><\/span><\/span>\n<\/a><div class=\"woocommerce-loop-product__buttons\"><a href=\"\/sitio\/wp-json\/wp\/v2\/pages\/6330?add-to-cart=6051\" aria-describedby=\"woocommerce_loop_add_to_cart_link_describedby_6051\" data-quantity=\"1\" class=\"button product_type_simple add_to_cart_button ajax_add_to_cart\" data-product_id=\"6051\" data-product_sku=\"\" aria-label=\"A\u00f1adir al carrito: &ldquo;Neuqu\u00e9n - Temas y Problemas&rdquo;\" rel=\"nofollow\" data-success_message=\"\u00abNeuqu\u00e9n - Temas y Problemas\u00bb se ha a\u00f1adido a tu carrito\" role=\"button\">A\u00f1adir al carrito<\/a><\/div>\t<span id=\"woocommerce_loop_add_to_cart_link_describedby_6051\" class=\"screen-reader-text\">\n\t\t\t<\/span>\n<\/li>\n<li class=\"product type-product post-6061 status-publish instock product_cat-de-interes-general product_tag-discapacidad-multiple product_tag-educacion-especial product_tag-formacion-docente has-post-thumbnail shipping-taxable purchasable product-type-simple\">\n\t<a href=\"https:\/\/xn--ensearlapatagonia-ixb.com.ar\/sitio\/producto\/rupturas-imprescindibles-en-educacion-especial-escuela-y-discapacidad-multiple\/\" class=\"woocommerce-LoopProduct-link woocommerce-loop-product__link\"><img loading=\"lazy\" decoding=\"async\" width=\"300\" height=\"300\" src=\"https:\/\/xn--ensearlapatagonia-ixb.com.ar\/sitio\/wp-content\/uploads\/2025\/09\/libro-Rupturas-imprescindibles-en-educacion-especial-300x300.webp\" class=\"attachment-woocommerce_thumbnail size-woocommerce_thumbnail\" alt=\"Rupturas imprescindibles en educaci\u00f3n especial. Escuela y discapacidad m\u00faltiple\" srcset=\"https:\/\/xn--ensearlapatagonia-ixb.com.ar\/sitio\/wp-content\/uploads\/2025\/09\/libro-Rupturas-imprescindibles-en-educacion-especial-300x300.webp 300w, https:\/\/xn--ensearlapatagonia-ixb.com.ar\/sitio\/wp-content\/uploads\/2025\/09\/libro-Rupturas-imprescindibles-en-educacion-especial-150x150.webp 150w, https:\/\/xn--ensearlapatagonia-ixb.com.ar\/sitio\/wp-content\/uploads\/2025\/09\/libro-Rupturas-imprescindibles-en-educacion-especial-768x768.webp 768w, https:\/\/xn--ensearlapatagonia-ixb.com.ar\/sitio\/wp-content\/uploads\/2025\/09\/libro-Rupturas-imprescindibles-en-educacion-especial-600x600.webp 600w, https:\/\/xn--ensearlapatagonia-ixb.com.ar\/sitio\/wp-content\/uploads\/2025\/09\/libro-Rupturas-imprescindibles-en-educacion-especial-100x100.webp 100w, https:\/\/xn--ensearlapatagonia-ixb.com.ar\/sitio\/wp-content\/uploads\/2025\/09\/libro-Rupturas-imprescindibles-en-educacion-especial.webp 790w\" sizes=\"(max-width: 300px) 100vw, 300px\" \/><h2 class=\"woocommerce-loop-product__title\">Rupturas imprescindibles en educaci\u00f3n especial. Escuela y discapacidad m\u00faltiple<\/h2>\n\t<span class=\"price\"><span class=\"woocommerce-Price-amount amount\"><bdi><span class=\"woocommerce-Price-currencySymbol\">&#36;<\/span>&nbsp;30.000,00<\/bdi><\/span><\/span>\n<\/a><div class=\"woocommerce-loop-product__buttons\"><a href=\"\/sitio\/wp-json\/wp\/v2\/pages\/6330?add-to-cart=6061\" aria-describedby=\"woocommerce_loop_add_to_cart_link_describedby_6061\" data-quantity=\"1\" class=\"button product_type_simple add_to_cart_button ajax_add_to_cart\" data-product_id=\"6061\" data-product_sku=\"\" aria-label=\"A\u00f1adir al carrito: &ldquo;Rupturas imprescindibles en educaci\u00f3n especial. Escuela y discapacidad m\u00faltiple&rdquo;\" rel=\"nofollow\" data-success_message=\"\u00abRupturas imprescindibles en educaci\u00f3n especial. Escuela y discapacidad m\u00faltiple\u00bb se ha a\u00f1adido a tu carrito\" role=\"button\">A\u00f1adir al carrito<\/a><\/div>\t<span id=\"woocommerce_loop_add_to_cart_link_describedby_6061\" class=\"screen-reader-text\">\n\t\t\t<\/span>\n<\/li>\n<li class=\"product type-product post-6059 status-publish instock product_cat-de-interes-general product_cat-todos-los-libros product_tag-historia product_tag-interculturalidad product_tag-libros product_tag-mapuches product_tag-pueblos-originarios has-post-thumbnail featured shipping-taxable purchasable product-type-simple\">\n\t<a href=\"https:\/\/xn--ensearlapatagonia-ixb.com.ar\/sitio\/producto\/el-pueblo-mapuce-una-nacion\/\" class=\"woocommerce-LoopProduct-link woocommerce-loop-product__link\"><img loading=\"lazy\" decoding=\"async\" width=\"300\" height=\"300\" src=\"https:\/\/xn--ensearlapatagonia-ixb.com.ar\/sitio\/wp-content\/uploads\/2025\/09\/El-pueblo-Mapuche-una-Nacion-300x300.webp\" class=\"attachment-woocommerce_thumbnail size-woocommerce_thumbnail\" alt=\"El pueblo mapuce, una naci\u00f3n\" srcset=\"https:\/\/xn--ensearlapatagonia-ixb.com.ar\/sitio\/wp-content\/uploads\/2025\/09\/El-pueblo-Mapuche-una-Nacion-300x300.webp 300w, https:\/\/xn--ensearlapatagonia-ixb.com.ar\/sitio\/wp-content\/uploads\/2025\/09\/El-pueblo-Mapuche-una-Nacion-150x150.webp 150w, https:\/\/xn--ensearlapatagonia-ixb.com.ar\/sitio\/wp-content\/uploads\/2025\/09\/El-pueblo-Mapuche-una-Nacion-768x768.webp 768w, https:\/\/xn--ensearlapatagonia-ixb.com.ar\/sitio\/wp-content\/uploads\/2025\/09\/El-pueblo-Mapuche-una-Nacion-600x600.webp 600w, https:\/\/xn--ensearlapatagonia-ixb.com.ar\/sitio\/wp-content\/uploads\/2025\/09\/El-pueblo-Mapuche-una-Nacion-100x100.webp 100w, https:\/\/xn--ensearlapatagonia-ixb.com.ar\/sitio\/wp-content\/uploads\/2025\/09\/El-pueblo-Mapuche-una-Nacion.webp 790w\" sizes=\"(max-width: 300px) 100vw, 300px\" \/><h2 class=\"woocommerce-loop-product__title\">El pueblo mapuce, una naci\u00f3n<\/h2>\n\t<span class=\"price\"><span class=\"woocommerce-Price-amount amount\"><bdi><span class=\"woocommerce-Price-currencySymbol\">&#36;<\/span>&nbsp;35.000,00<\/bdi><\/span><\/span>\n<\/a><div class=\"woocommerce-loop-product__buttons\"><a href=\"\/sitio\/wp-json\/wp\/v2\/pages\/6330?add-to-cart=6059\" aria-describedby=\"woocommerce_loop_add_to_cart_link_describedby_6059\" data-quantity=\"1\" class=\"button product_type_simple add_to_cart_button ajax_add_to_cart\" data-product_id=\"6059\" data-product_sku=\"\" aria-label=\"A\u00f1adir al carrito: &ldquo;El pueblo mapuce, una naci\u00f3n&rdquo;\" rel=\"nofollow\" data-success_message=\"\u00abEl pueblo mapuce, una naci\u00f3n\u00bb se ha a\u00f1adido a tu carrito\" role=\"button\">A\u00f1adir al carrito<\/a><\/div>\t<span id=\"woocommerce_loop_add_to_cart_link_describedby_6059\" class=\"screen-reader-text\">\n\t\t\t<\/span>\n<\/li>\n<li class=\"product type-product post-6058 status-publish last instock product_cat-paquetes product_cat-todos-los-libros has-post-thumbnail sale shipping-taxable purchasable product-type-simple\">\n\t<a href=\"https:\/\/xn--ensearlapatagonia-ixb.com.ar\/sitio\/producto\/paquete-de-2-libros-patagonia-temas-y-problemas-y-rio-negro-temas-y-problemas\/\" class=\"woocommerce-LoopProduct-link woocommerce-loop-product__link\">\n\t<span class=\"onsale\">\u00a1Oferta!<\/span>\n\t<img loading=\"lazy\" decoding=\"async\" width=\"300\" height=\"300\" src=\"https:\/\/xn--ensearlapatagonia-ixb.com.ar\/sitio\/wp-content\/uploads\/2025\/09\/rio-negro-patagonia-jpg-300x300.jpg\" class=\"attachment-woocommerce_thumbnail size-woocommerce_thumbnail\" alt=\"Paquete de 2 libros &quot;Patagonia, temas y problemas&quot; y &quot;R\u00edo Negro, temas y problemas&quot;\" srcset=\"https:\/\/xn--ensearlapatagonia-ixb.com.ar\/sitio\/wp-content\/uploads\/2025\/09\/rio-negro-patagonia-jpg-300x300.jpg 300w, https:\/\/xn--ensearlapatagonia-ixb.com.ar\/sitio\/wp-content\/uploads\/2025\/09\/rio-negro-patagonia-jpg-1024x1024.jpg 1024w, https:\/\/xn--ensearlapatagonia-ixb.com.ar\/sitio\/wp-content\/uploads\/2025\/09\/rio-negro-patagonia-jpg-150x150.jpg 150w, https:\/\/xn--ensearlapatagonia-ixb.com.ar\/sitio\/wp-content\/uploads\/2025\/09\/rio-negro-patagonia-jpg-768x768.jpg 768w, https:\/\/xn--ensearlapatagonia-ixb.com.ar\/sitio\/wp-content\/uploads\/2025\/09\/rio-negro-patagonia-jpg-1536x1536.jpg 1536w, https:\/\/xn--ensearlapatagonia-ixb.com.ar\/sitio\/wp-content\/uploads\/2025\/09\/rio-negro-patagonia-jpg-2048x2048.jpg 2048w, https:\/\/xn--ensearlapatagonia-ixb.com.ar\/sitio\/wp-content\/uploads\/2025\/09\/rio-negro-patagonia-jpg-600x600.jpg 600w, https:\/\/xn--ensearlapatagonia-ixb.com.ar\/sitio\/wp-content\/uploads\/2025\/09\/rio-negro-patagonia-jpg-100x100.jpg 100w\" sizes=\"(max-width: 300px) 100vw, 300px\" \/><h2 class=\"woocommerce-loop-product__title\">Paquete de 2 libros \u00abPatagonia, temas y problemas\u00bb y \u00abR\u00edo Negro, temas y problemas\u00bb<\/h2>\n\t<span class=\"price\"><del aria-hidden=\"true\"><span class=\"woocommerce-Price-amount amount\"><bdi><span class=\"woocommerce-Price-currencySymbol\">&#36;<\/span>&nbsp;73.000,00<\/bdi><\/span><\/del> <span class=\"screen-reader-text\">El precio original era: &#036;&nbsp;73.000,00.<\/span><ins aria-hidden=\"true\"><span class=\"woocommerce-Price-amount amount\"><bdi><span class=\"woocommerce-Price-currencySymbol\">&#36;<\/span>&nbsp;65.000,00<\/bdi><\/span><\/ins><span class=\"screen-reader-text\">El precio actual es: &#036;&nbsp;65.000,00.<\/span><\/span>\n<\/a><div class=\"woocommerce-loop-product__buttons\"><a href=\"\/sitio\/wp-json\/wp\/v2\/pages\/6330?add-to-cart=6058\" aria-describedby=\"woocommerce_loop_add_to_cart_link_describedby_6058\" data-quantity=\"1\" class=\"button product_type_simple add_to_cart_button ajax_add_to_cart\" data-product_id=\"6058\" data-product_sku=\"\" aria-label=\"A\u00f1adir al carrito: &ldquo;Paquete de 2 libros &quot;Patagonia, temas y problemas&quot; y &quot;R\u00edo Negro, temas y problemas&quot;&rdquo;\" rel=\"nofollow\" data-success_message=\"\u00abPaquete de 2 libros &quot;Patagonia, temas y problemas&quot; y &quot;R\u00edo Negro, temas y problemas&quot;\u00bb se ha a\u00f1adido a tu carrito\" role=\"button\">A\u00f1adir al carrito<\/a><\/div>\t<span id=\"woocommerce_loop_add_to_cart_link_describedby_6058\" class=\"screen-reader-text\">\n\t\t\t<\/span>\n<\/li>\n<\/ul>\n<\/div>\t\t\t\t<\/div>\n\t\t\t\t<\/div>\n\t\t\t\t<\/div>\n\t\t\t\t\t<\/div>\n\t\t\t\t<\/div>\n\t\t\t\t<\/div>\n\t\t","protected":false},"excerpt":{"rendered":"<p>Tu carrito est\u00e1 vac\u00edo. Volver a la tienda El costo de env\u00edo ser\u00e1 autom\u00e1ticamente calculado luego de introducir el c\u00f3digo postal, en el siguiente paso, cuando finalice su compra. Env\u00edos a todo el pais v\u00eda Correo Argentino \u00bfQuer\u00e9s agregar al m\u00e1s? Te recomendamos los siguientes libros para que a\u00f1adas a tu carrito.<\/p>\n","protected":false},"author":1,"featured_media":6194,"parent":0,"menu_order":0,"comment_status":"closed","ping_status":"closed","template":"","meta":{"_acf_changed":false,"footnotes":""},"class_list":["post-6330","page","type-page","status-publish","has-post-thumbnail","hentry"],"acf":[],"_links":{"self":[{"href":"https:\/\/xn--ensearlapatagonia-ixb.com.ar\/sitio\/wp-json\/wp\/v2\/pages\/6330","targetHints":{"allow":["GET"]}}],"collection":[{"href":"https:\/\/xn--ensearlapatagonia-ixb.com.ar\/sitio\/wp-json\/wp\/v2\/pages"}],"about":[{"href":"https:\/\/xn--ensearlapatagonia-ixb.com.ar\/sitio\/wp-json\/wp\/v2\/types\/page"}],"author":[{"embeddable":true,"href":"https:\/\/xn--ensearlapatagonia-ixb.com.ar\/sitio\/wp-json\/wp\/v2\/users\/1"}],"replies":[{"embeddable":true,"href":"https:\/\/xn--ensearlapatagonia-ixb.com.ar\/sitio\/wp-json\/wp\/v2\/comments?post=6330"}],"version-history":[{"count":177,"href":"https:\/\/xn--ensearlapatagonia-ixb.com.ar\/sitio\/wp-json\/wp\/v2\/pages\/6330\/revisions"}],"predecessor-version":[{"id":9128,"href":"https:\/\/xn--ensearlapatagonia-ixb.com.ar\/sitio\/wp-json\/wp\/v2\/pages\/6330\/revisions\/9128"}],"wp:featuredmedia":[{"embeddable":true,"href":"https:\/\/xn--ensearlapatagonia-ixb.com.ar\/sitio\/wp-json\/wp\/v2\/media\/6194"}],"wp:attachment":[{"href":"https:\/\/xn--ensearlapatagonia-ixb.com.ar\/sitio\/wp-json\/wp\/v2\/media?parent=6330"}],"curies":[{"name":"wp","href":"https:\/\/api.w.org\/{rel}","templated":true}]}}